{"id":72,"date":"2019-06-19T08:20:48","date_gmt":"2019-06-19T08:20:48","guid":{"rendered":"http:\/\/www.misacademy.cz\/?page_id=72"},"modified":"2025-12-16T19:37:11","modified_gmt":"2025-12-16T18:37:11","slug":"ziskani-zp","status":"publish","type":"page","link":"https:\/\/www.misacademy.cz\/index.php\/ziskani-zp\/","title":{"rendered":"P\u0159\u00edprava na zbrojn\u00ed pr\u016fkaz"},"content":{"rendered":"\n<p><strong>\ud83e\udde1 D\u011bkujeme za v\u00e1\u0161 z\u00e1jem!<\/strong><\/p>\n\n\n\n<p>Posledn\u00edch <strong>\u0161est let jsme jeli naplno<\/strong> \u2013 pom\u00e1hali jsme v\u00e1m p\u0159ipravit se ke zkou\u0161k\u00e1m, zvl\u00e1dnout n\u00e1ro\u010dn\u00e9 \u010d\u00e1sti studia a t\u011b\u0161ili se z ka\u017ed\u00e9ho va\u0161eho \u00fasp\u011bchu.<\/p>\n\n\n\n<p>Od 1.1.2026 zanikaj\u00ed zbrojn\u00ed pr\u016fkazy a zav\u00e1d\u00ed se novinka &#8211; Zbrojn\u00ed Opr\u00e1vn\u011bn\u00ed. <\/p>\n\n\n\n<p>Proto\u017ee se jedn\u00e1 o komplexn\u00ed problematiku, p\u0159ipravili jsme komplet nov\u00e9 str\u00e1nky pro ve\u0161ker\u00e9 informace o aktu\u00e1ln\u00edch postupech a po\u017eadavc\u00edch<\/p>\n\n\n\n<h2 class=\"wp-block-heading\"><span style=\"text-decoration: underline;\"><a href=\"https:\/\/www.zbrojniopravneni.info\">www.zbrojniopravneni.info<\/a><\/span><\/h2>\n\n\n\n<p>D\u011bkujeme za V\u00e1s z\u00e1jem \u2013 budeme d\u00e1l procovat na tom, abychom V\u00e1m mohli b\u00fdt co nejlep\u0161\u00edmi pr\u016fvodci v\u00a0nov\u00e9m sv\u011bt\u011b <strong>zbrojn\u00edch opr\u00e1vn\u011bn\u00ed!<\/strong><\/p>\n\n\n\n<div style=\"height:44px\" aria-hidden=\"true\" class=\"wp-block-spacer\"><\/div>\n\n\n\n<p><br><\/p>\n","protected":false},"excerpt":{"rendered":"<p>\ud83e\udde1 D\u011bkujeme za v\u00e1\u0161 z\u00e1jem! Posledn\u00edch \u0161est let jsme jeli naplno \u2013 pom\u00e1hali jsme v\u00e1m p\u0159ipravit se ke zkou\u0161k\u00e1m, zvl\u00e1dnout n\u00e1ro\u010dn\u00e9 \u010d\u00e1sti studia a t\u011b\u0161ili se z ka\u017ed\u00e9ho va\u0161eho \u00fasp\u011bchu. Od 1.1.2026 zanikaj\u00ed zbrojn\u00ed pr\u016fkazy a zav\u00e1d\u00ed se novinka &#8211; Zbrojn\u00ed Opr\u00e1vn\u011bn\u00ed. Proto\u017ee se jedn\u00e1 o komplexn\u00ed problematiku, p\u0159ipravili jsme [&hellip;]<\/p>\n","protected":false},"author":1,"featured_media":816,"parent":0,"menu_order":0,"comment_status":"closed","ping_status":"closed","template":"","meta":{"_ti_tpc_template_sync":false,"_ti_tpc_template_id":"","footnotes":""},"class_list":["post-72","page","type-page","status-publish","has-post-thumbnail","hentry"],"_links":{"self":[{"href":"https:\/\/www.misacademy.cz\/index.php\/wp-json\/wp\/v2\/pages\/72"}],"collection":[{"href":"https:\/\/www.misacademy.cz\/index.php\/wp-json\/wp\/v2\/pages"}],"about":[{"href":"https:\/\/www.misacademy.cz\/index.php\/wp-json\/wp\/v2\/types\/page"}],"author":[{"embeddable":true,"href":"https:\/\/www.misacademy.cz\/index.php\/wp-json\/wp\/v2\/users\/1"}],"replies":[{"embeddable":true,"href":"https:\/\/www.misacademy.cz\/index.php\/wp-json\/wp\/v2\/comments?post=72"}],"version-history":[{"count":59,"href":"https:\/\/www.misacademy.cz\/index.php\/wp-json\/wp\/v2\/pages\/72\/revisions"}],"predecessor-version":[{"id":989,"href":"https:\/\/www.misacademy.cz\/index.php\/wp-json\/wp\/v2\/pages\/72\/revisions\/989"}],"wp:featuredmedia":[{"embeddable":true,"href":"https:\/\/www.misacademy.cz\/index.php\/wp-json\/wp\/v2\/media\/816"}],"wp:attachment":[{"href":"https:\/\/www.misacademy.cz\/index.php\/wp-json\/wp\/v2\/media?parent=72"}],"curies":[{"name":"wp","href":"https:\/\/api.w.org\/{rel}","templated":true}]}}